{"id":120,"date":"2023-10-05T14:41:42","date_gmt":"2023-10-05T14:41:42","guid":{"rendered":"https:\/\/www.housesys.fi\/?page_id=120"},"modified":"2023-10-05T19:07:28","modified_gmt":"2023-10-05T19:07:28","slug":"ilmalampopumput","status":"publish","type":"page","link":"https:\/\/www.housesys.fi\/index.php\/ilmalampopumput\/","title":{"rendered":"Ilmal\u00e4mp\u00f6pumput"},"content":{"rendered":"\n<p>Meilt\u00e4 saat ilmal\u00e4mp\u00f6pumput paikalleen asennettuna <\/p>\n\n\n\n<figure class=\"wp-block-gallery has-nested-images columns-default wp-block-gallery-1 is-layout-flex wp-block-gallery-is-layout-flex\">\n<figure class=\"wp-block-image size-large is-resized\"><img decoding=\"async\" data-id=\"128\" src=\"https:\/\/www.housesys.fi\/wp-content\/uploads\/2023\/10\/Toshiba-1024x251.jpg\" alt=\"\" class=\"wp-image-128\" style=\"width:200px\" width=\"200\" srcset=\"https:\/\/www.housesys.fi\/wp-content\/uploads\/2023\/10\/Toshiba-1024x251.jpg 1024w, https:\/\/www.housesys.fi\/wp-content\/uploads\/2023\/10\/Toshiba-300x74.jpg 300w, https:\/\/www.housesys.fi\/wp-content\/uploads\/2023\/10\/Toshiba-768x189.jpg 768w, https:\/\/www.housesys.fi\/wp-content\/uploads\/2023\/10\/Toshiba.jpg 1503w\" sizes=\"(max-width: 1024px) 100vw, 1024px\" \/><\/figure>\n\n\n\n<figure class=\"wp-block-image size-large is-resized\"><img decoding=\"async\" data-id=\"212\" src=\"https:\/\/www.housesys.fi\/wp-content\/uploads\/2023\/10\/midea.png\" alt=\"\" class=\"wp-image-212\" style=\"height:50px\" height=\"50\"\/><\/figure>\n\n\n\n<figure class=\"wp-block-image size-large is-resized\"><img decoding=\"async\" data-id=\"213\" src=\"https:\/\/www.housesys.fi\/wp-content\/uploads\/2023\/10\/Panasonic-logo-1024x576.png\" alt=\"\" class=\"wp-image-213\" style=\"object-fit:cover;width:200px;height:50px\" width=\"200\" height=\"50\"\/><\/figure>\n<\/figure>\n\n\n\n<p>My\u00f6s kaikkiin yleisimpiin merkkeihin varaosat ja tarvikkeet.<\/p>\n\n\n\n<p><a href=\"https:\/\/www.housesys.fi\/index.php\/yhteystiedot\/\" data-type=\"page\" data-id=\"6\">Ota yhteytt\u00e4<\/a><\/p>\n","protected":false},"excerpt":{"rendered":"<p>Meilt\u00e4 saat ilmal\u00e4mp\u00f6pumput paikalleen asennettuna My\u00f6s kaikkiin yleisimpiin merkkeihin varaosat ja tarvikkeet. Ota yhteytt\u00e4<\/p>\n","protected":false},"author":1,"featured_media":0,"parent":0,"menu_order":0,"comment_status":"closed","ping_status":"closed","template":"","meta":{"footnotes":""},"class_list":["post-120","page","type-page","status-publish","hentry","post"],"_links":{"self":[{"href":"https:\/\/www.housesys.fi\/index.php\/wp-json\/wp\/v2\/pages\/120"}],"collection":[{"href":"https:\/\/www.housesys.fi\/index.php\/wp-json\/wp\/v2\/pages"}],"about":[{"href":"https:\/\/www.housesys.fi\/index.php\/wp-json\/wp\/v2\/types\/page"}],"author":[{"embeddable":true,"href":"https:\/\/www.housesys.fi\/index.php\/wp-json\/wp\/v2\/users\/1"}],"replies":[{"embeddable":true,"href":"https:\/\/www.housesys.fi\/index.php\/wp-json\/wp\/v2\/comments?post=120"}],"version-history":[{"count":5,"href":"https:\/\/www.housesys.fi\/index.php\/wp-json\/wp\/v2\/pages\/120\/revisions"}],"predecessor-version":[{"id":217,"href":"https:\/\/www.housesys.fi\/index.php\/wp-json\/wp\/v2\/pages\/120\/revisions\/217"}],"wp:attachment":[{"href":"https:\/\/www.housesys.fi\/index.php\/wp-json\/wp\/v2\/media?parent=120"}],"curies":[{"name":"wp","href":"https:\/\/api.w.org\/{rel}","templated":true}]}}